8*(3 + -4 + 2)?
2, 3, 13
Suppose -10*d = -2*d - 640. List the prime factors of d.
2, 5
Let b(f) = 4 - f - 4. Let r be b(-3). List the prime factors of 1*(r - 0) + 1.
2
Suppose -4*t + 6 = -w - 0*w, -3*t = -5*w + 21. Let f(b) = b**3 - 7*b**2 + 7*b + 8. List the prime factors of f(w).
2, 7
Let q(h) = -h**2 + 8*h + 11. Let c be q(9). Let o = 2 + c. Suppose 3*p = -p - j + 40, o*j - 7 = p. List the prime factors of p.
3
Let b = 11 - 0. Let y = b + -6. Let w = 3 + y. What are the prime factors of w?
2
Suppose 0 = -6*f + 44 + 1570. What are the prime factors of f?
269
Suppose -3*z + 4*g + 0 + 4 = 0, 22 = 3*z + 5*g. List the prime factors of z.
2
Let v be (-4)/22 - (-10)/55. Let a be (3 - 2 - v) + 2. Suppose 2*o = a + 1. What are the prime factors of o?
2
Let v be ((-15)/20)/((-3)/8). List the prime factors of (9/(-36))/(v/(-136)).
17
Let v = 9 + 11. Suppose 4*p = -v, -172 + 23 = -4*j + p. List the prime factors of j.
2, 3
Let c = -4 - -108. What are the prime factors of c?
2, 13
Suppose 4*m = 3*i + 418, -3*m = -2*i + 8 - 321. What are the prime factors of m?
103
What are the prime factors of (-4)/(-22) + 1805/55?
3, 11
Let k = -149 - -220. What are the prime factors of k?
71
Suppose -2*z + 345 = 3*z. List the prime factors of z.
3, 23
Suppose 9 + 17 = p. List the prime factors of p.
2, 13
Let a(v) = v**3 + 7*v**2 - 9*v + 5. Let p(k) = -7*k**2 - 2*k + 1. Let w be p(1). List the prime factors of a(w).
13
Let b be 6*3/6 - -1. Let x = 15 - b. What are the prime factors of x?
11
Suppose 5*m = -0 + 10. Suppose 0 = 2*y + m - 26. List the prime factors of y.
2, 3
Let d = 304 + -204. Suppose 3*u - u = 4*f - d, u = -5*f + 118. List the prime factors of f.
2, 3
Let t(f) = -f**3 - f**2 - 8. Let x be t(0). Let l = x - -12. List the prime factors of l.
2
Let z(r) = -r + 0 - 2 + 2 + 9*r**2. What are the prime factors of z(1)?
2
Let s(t) = t - 4. Let j be s(3). Let l = 0 - j. Suppose h - l = 4. List the prime factors of h.
5
Suppose 0 = -3*v - 1 - 8. Let f = -1 - v. List the prime factors of (0 - -1)*18/f.
3
Suppose 0 = -0*p + 3*p - 72. List the prime factors of p.
2, 3
Let w(j) = -j**3 + 4*j. Let c(t) = t**3 + 4*t**2 - 3. Let f be c(-4). Let x be w(f). Suppose -a + x = -3*b, 2*a - 3*b - 8 - 10 = 0. List the prime factors of a.
3
Suppose 348 = 7*h + 117. List the prime factors of h.
3, 11
Suppose -2*r - 5*h + 37 = -27, 0 = 4*h - 8. What are the prime factors of r?
3
Let i(g) = -g**3 - 10*g**2 - 12*g - 13. What are the prime factors of i(-9)?
2, 7
Let l = 300 + -200. What are the prime factors of l?
2, 5
Let k(c) = -2*c**2. Let a be (-14)/(-8) - 7/(-28). Let n be k(a). Let l = n + 14. List the prime factors of l.
2, 3
Suppose 208 = 3*u - z, u - 138 = -u + z. List the prime factors of u.
2, 5, 7
Let l be (-4)/16 + 85/4. Let x = l - 11. Suppose 3*c - x = 11. List the prime factors of c.
7
Let x(b) = 9*b + 11. List the prime factors of x(8).
83
Let q(i) = 2*i + 3 + 11*i**2 - i**3 + 10*i - 2 - i**2. What are the prime factors of q(11)?
2, 3
Let z = 15 + -11. Suppose 2*n - 17 = -3*i + 15, z*i - 58 = 5*n. List the prime factors of i.
2, 3
Let u = 6 - 3. Suppose -n + 2*t = -0*n - 4, 3*t = -u*n - 6. Suppose -3*v + 9 = -n*v. What are the prime factors of v?
3
Let v(a) = a + 4. Let r be (27 + 3)*(-1)/(-3). What are the prime factors of v(r)?
2, 7
Let l = -7 - -10. Suppose -g - 2*u = -41, 2 - 5 = -l*u. What are the prime factors of g?
3, 13
Let z be (5 - 1)*12/8. Let j(h) = h**2 - 4*h - 8. List the prime factors of j(z).
2
Let s(j) = -j**3 + 14*j**2 + 24*j + 17. List the prime factors of s(15).
2, 19
Let h(c) = -3*c**3 - c**2 - c - 1. Let j be h(-1). Let s(n) = -n**3 + 6 + n**j - 1 + 2. What are the prime factors of s(0)?
7
Suppose -2*p - 2 = -22. Suppose -y + 2*r = -p, 4*y = -2*r - r + 29. List the prime factors of y.
2
Let q(j) = j**2 + j - 4. Let c be q(-3). Suppose -n - 3*b - c = 0, -3*n = 2*b + 3*b - 10. What are the prime factors of n?
2, 5
Let x(m) = -1 - 1 - m + 9. Let b be x(0). Let g = b - 5. List the prime factors of g.
2
Suppose -2*s - 2*n = -s + 8, 2*n = 2*s - 14. Suppose -5*u = y + 1, -3*y + 5*y - s*u - 22 = 0. What are the prime factors of y?
3
Let s = -43 - -204. What are the prime factors of s?
7, 23
Let a(p) = -p - 4. Let r be a(-5). Let h = 8 - r. What are the prime factors of h?
7
Suppose -4*g = i - 29, 4*i + 2*g + 12 = 100. What are the prime factors of i?
3, 7
Suppose 4*g + 76 = -x, g - x = -4*g - 95. Let h be -7 + 2/(1 + -3). Let v = h - g. List the prime factors of v.
11
Let w(g) = 5*g**2 - g. Suppose 0 = -4*f + 2 + 6. Let t be w(f). Let v = t - 6. List the prime factors of v.
2, 3
Let p = 252 + -133. List the prime factors of p.
7, 17
Suppose 2*p + 0*p = 60. Suppose o - 3*c - 8 = 0, 0*o - 3*c - p = -3*o. Suppose -u = -3*z + 13, -2*u - 2*z + 5*z - o = 0. What are the prime factors of u?
2
Suppose 2*y + 16 = 2*z, -z - y + 1 = -15. What are the prime factors of z?
2, 3
Let x(q) = 14*q**2 + 3*q - 3. What are the prime factors of x(2)?
59
Suppose -3*y - 17*y + 1980 = 0. What are the prime factors of y?
3, 11
Let x be (-7)/(-1 + 3 + -1). Let s be x/14*(-1 - 7). Suppose s*v - 61 = 3. List the prime factors of v.
2
Let n(r) = 3*r**3 + 10*r**2 + 4*r - 24. Let b(s) = -2*s**3 - 7*s**2 - 3*s + 16. Let y(q) = -7*b(q) - 5*n(q). Let x = 1 + -1. List the prime factors of y(x).
2
Suppose 4*c + 81 = g + 2*g, c + 33 = 5*g. List the prime factors of 4/(-2 + c/(-8)).
2
Let q(c) = -c + 13. Suppose -2*o - 3*b = -b - 12, 4*b - 16 = 4*o. Let m be (-3)/2*(-4)/o. What are the prime factors of q(m)?
7
Suppose 2*h - 209 = -3*o + h, 2*o - 4*h = 130. Suppose 0 = 2*s - o + 3. What are the prime factors of s?
3, 11
Suppose 3*w - 5 = -o + 13, 0 = -3*w + 4*o + 18. Suppose w*x - 164 - 52 = 0. What are the prime factors of x?
2, 3
Suppose -3*y = -2*l - 26, 2*l + 6 = -2*y + 3*y. List the prime factors of y.
2, 5
Suppose 5 = z + 1, -3*z = -4*f + 84. Let o = -7 + f. List the prime factors of o.
17
Suppose 3*o = 2*u + 13, 3*u + o + 3*o = 6. Let n(v) = -v**3 - v**2 - 3*v - 3. List the prime factors of n(u).
7
Let g(t) = 3*t + 11. Let h(z) = -5*z - 17. Let u(x) = -8*g(x) - 5*h(x). Let k = -6 - -13. What are the prime factors of u(k)?
2
Let a be 2/10 - 4/20. What are the prime factors of (4 + -2)*(1 - a)?
2
Let a(q) = -q**3 - 13*q**2 + 15*q - 21. List the prime factors of a(-15).
2, 3, 17
Suppose r = 4*r + 6. Let q be (1 + r)/((-2)/(-12)). Let b = 8 + q. What are the prime factors of b?
2
Let m(g) = -g**3 + 2*g**2 - 2*g + 2. Let y be m(3). Let f be 3/(-1) - -6 - y. List the prime factors of (f - 1)/1 + -3.
2, 3
Let r = 42 - -14. List the prime factors of r.
2, 7
Let q = 118 + -82. Suppose 0*y = -y + q. Suppose -4*d - y = -7*d. List the prime factors of d.
2, 3
Let s(t) = -t + 6. Let b be s(6). Suppose b = -3*h + h + 28. List the prime factors of h.
2, 7
List the prime factors of (-69)/2*8/(-6).
2, 23
Let a(p) = p**2 + 3*p + 2. Let f = -10 - -5. List the prime factors of a(f).
2, 3
Let r(o) = -o**2 - 8*o - 8. List the prime factors of r(-4).
2
Let s = 3 - 1. Suppose -3*d - 1 = -3*y + 26, -18 = -s*y + 3*d. What are the prime factors of 54/5 + y/45?
11
Suppose -4*r + 225 = u, 4*u = -r + 1198 - 253. Let c be u/12 + (-1)/(-4). Suppose 3*j = c + 7. List the prime factors of j.
3
Let w be (-3)/((-3)/((-1)/(-1))). Suppose -2*d = w - 19. List the prime factors of d.
3
Suppose -3*q + 2*a = 227 - 716, 3*q + 5*a - 510 = 0. What are the prime factors of q?
3, 5, 11
List the prime factors of (-2)/(-3)*(-7 - -49).
2, 7
Let w(m) = m**3 + 5*m**2 - 8*m - 3. Let c be 86/(-14) + 7/49. List the prime factors of w(c).
3
Let p = 510 - 336. Let c = p - 105. Suppose -3*u - 27 = -c. What are the prime factors of u?
2, 7
Let i = 9 + -12. Let l(a) = 2*a**2 + 1. What are the prime factors of l(i)?
19
What are the prime factors of ((-780)/(-50))/(4/10)?
3, 13
Suppose 3*m + m = -224. Let f = 79 + m. What are the prime factors of f?
23
Suppose 0*t = -2*t + 60. Let k = t - 50. List the prime factors of 5/((-40)/6)*k.
3, 5
Suppose 5*t = 2*a + 30, 2*a - 8 = 4*t - 40. Let b = -7 - a. What are the prime factors of b?
13
Let y(s) = -s**2 - 4*s + 3. Let h be y(-4). List the prime factors of -2*h/6 - -29.
2, 7
Suppose f = -5*q - 18, 0*f - f - 2*q - 9 = 0. Let x(j) = -j**2 - 5*j - 1. List the prime factors of x(f).
5
Suppose 2*q = 5